ert -12000001210100 (base 3) to base 2.
-1010001001000011001110
Convert 175598 (base 12) to base 2.
1100010100000000100
Convert -4144646 (base 7) to base 3.
-221100002122
Convert 115161 (base 12) to base 11.
180204
-5b289 (base 12) to base 6
-2345453
What is -17a5e (base 15) in base 12?
-383a5
What is 12655 (base 10) in base 6?
134331
24341111 (base 5) to base 13
81075
Convert -2211212001 (base 4) to base 15.
-d5e83
What is -40754560 (base 8) in base 6?
-505112024
-56642015 (base 7) to base 5
-2230403003
-101002201211 (base 3) to base 16
-308a7
Convert -40593a0 (base 11) to base 6.
-413415125
-15a4540 (base 11) to base 7
-32124564
Convert 3333020101 (base 4) to base 5.
231420014
Convert 272758 (base 10) to base 6.
5502434
Convert -f491 (base 16) to base 14.
-18b61
What is -319a8 (base 16) in base 14?
-54088
What is -16a56 (base 15) in base 12?
-36446
Convert 23212100 (base 5) to base 11.
133a8a
Convert -672b (base 15) to base 12.
-107a2
What is -65518 (base 12) in base 3?
-20210112102
-10114330 (base 5) to base 11
-56a59
51a274 (base 11) to base 9
1510343
-4b69666 (base 12) to base 8
-70425156
-821046 (base 11) to base 14
-2649d5
221002020201 (base 3) to base 16
78892
What is -3212300133 (base 4) in base 5?
-220221213
What is 7c59b (base 15) in base 4?
1200231302
What is 42e35 (base 15) in base 14?
575d0
What is -721493 (base 11) in base 4?
-10122312130
Convert -104244240 (base 5) to base 4.
-1300321231
3342a (base 12) to base 3
10110021121
What is a74d4 (base 16) in base 12?
290698
2793300 (base 10) to base 4
22221331110
Convert 1385988 (base 11) to base 8.
11047642
-3401340000 (base 5) to base 4
-130122230133
1384105 (base 9) to base 3
1102211010012
Convert -24340042 (base 6) to base 15.
-10498e
What is -b8eb80 (base 15) in base 10?
-8807970
What is 11202012121 (base 3) in base 9?
152177
Convert -35213403 (base 6) to base 12.
-447263
10012020101102 (base 3) to base 4
12132121301
Convert 8122702 (base 9) to base 5.
2101410401
What is 12642483 (base 9) in base 10?
6228246
-223849 (base 11) to base 15
-708ed
What is 8462588 (base 9) in base 4?
101101232021
What is -1712775 (base 8) in base 10?
-497149
-42432 (base 12) to base 15
-1abae
Convert 3809fa (base 16) to base 5.
1420010240
What is -22320303000 (base 4) in base 14?
-54418c
What is -6a99b (base 13) in base 12?
-94a09
Convert -4693f (base 16) to base 13.
-a1776
What is 41203332 (base 5) in base 15?
6932c
-4812411 (base 11) to base 6
-455513535
-8a985 (base 12) to base 7
-1366043
Convert 32323232203 (base 4) to base 10.
3914659
-3357572 (base 8) to base 10
-909178
What is 4007313 (base 9) in base 14?
3d6910
Convert -111220121022 (base 3) to base 13.
-97829
What is 8028514 (base 10) in base 12?
283216a
What is -108911 (base 12) in base 7?
-2146402
15152150 (base 6) to base 11
330743
Convert 10010000110100101 (base 2) to base 7.
426115
What is 33ce4 (base 15) in base 10?
164914
What is -101010111000010010110 (base 2) in base 16?
-157096
-467a99 (base 14) to base 8
-11125427
Convert 20112020122210 (base 3) to base 7.
41325612
-6173a (base 11) to base 5
-10340232
What is -1161525 (base 7) in base 4?
-210133131
What is -456703 (base 9) in base 3?
-111220210010
1e63c8 (base 16) to base 8
7461710
-2021122012 (base 3) to base 8
-127605
-196b67 (base 13) to base 3
-1012200200011
15b38 (base 16) to base 6
1523304
72a57 (base 16) to base 10
469591
1a675a (base 13) to base 8
2437157
What is -233233213323 (base 4) in base 9?
-25485443
Convert -219831 (base 12) to base 15.
-a8861
Convert -2398084 (base 10) to base 6.
-123222124
What is -23a658 (base 13) in base 11?
-531683
Convert 12423441 (base 5) to base 15.
26966
Convert 63630160 (base 7) to base 8.
24467345
-31340212 (base 5) to base 3
-111022022012
Convert -975736 (base 10) to base 7.
-11202466
Convert -1793c (base 15) to base 12.
-38210
What is 2a784 (base 14) in base 4?
121310200
Convert -4141646 (base 12) to base 8.
-56655126
What is 1bb794 (base 16) in base 6?
102533324
What is 664218 (base 9) in base 11?
2510a7
-78402 (base 16) to base 13
-143262
What is -1210102101120 (base 3) in base 11?
-5a1084
What is -1201111100000 (base 3) in base 13?
-260703
Convert 112101020201 (base 4) to base 9.
11876288
15357460 (base 8) to base 11
1aa1606
What is -176106 (base 12) in base 5?
-100421002
Convert -4343554 (base 6) to base 11.
-138312
-30202313 (base 5) to base 16
-3ad3e
What is -46351 (base 14) in base 9?
-280243
What is -3032434321 (base 5) in base 9?
-12487388
-11111111001000000100 (base 2) to base 7
-11611431
Convert 1152214 (base 7) to base 12.
71274
Convert -8165b (base 13) to base 10.
-231775
24b337 (base 15) to base 9
3271027
Convert -64251666 (base 7) to base 10.
-5458158
-1653017 (base 8) to base 5
-110341113
Convert -120020022 (base 3) to base 16.
-2b61
-155120101 (base 6) to base 2
-1100101011010001100101
100002120221 (base 3) to base 12
87737
What is -33140112 (base 5) in base 16?
-460bb
Convert 48b7ce (base 15) to base 7.
41406560
What is -3ff255 (base 16) in base 11?
-2402683
Convert 12120020220012 (base 3) to base 6.
143220005
Convert 4116471 (base 8) to base 14.
204b33
11217 (base 12) to base 15
6b31
23636308 (base 9) to base 14
17651a7
1771748 (base 11) to base 2
1011011101010011110011
What is 6b165 (base 14) in base 7?
2134555
What is 235124 (base 9) in base 11?
97373
Convert -3412002310 (base 5) to base 13.
-1739174
What is 500a08 (base 12) in base 9?
2307578
Convert 73701 (base 16) to base 7.
4006344
What is 2a746 (base 13) in base 8?
234715
3314211101 (base 5) to base 15
96c136
-765d3 (base 14) to base 12
-1199a5
Convert -11111101001000111 (base 2) to base 12.
-63007
d2f4a (base 16) to base 13
2433b3
What is -a55b (base 13) in base 15?
-6bb1
What is -261500 (base 10) in base 6?
-5334352
-95737 (base 10) to base 8
-272771
2433c (base 14) to base 13
3134b
What is 1011110110100001010 (base 2) in base 11?
245867
What is 1dd5e2 (base 15) in base 12?
5a6588
Convert -147853 (base 9) to base 5.
-10403332
-210501144 (base 6) to base 12
-12947b4
Convert 2c13da (base 15) to base 14.
3d65cd
What is 8a8999 (base 12) in base 14?
418817
Convert -258066 (base 9) to base 16.
-2647b
103120021321 (base 4) to base 14
96329b
321512524 (base 6) to base 5
2423424210
What is 30034314 (base 5) in base 10?
236834
282105 (base 10) to base 12
117309
What is -11000111111011101 (base 2) in base 7?
-604304
Convert -300ba (base 13) to base 15.
-1a676
Convert 3211b (base 13) to base 5.
10342040
Convert 13025433 (base 6) to base 11.
26a3aa
What is 441055 (base 6) in base 2?
1000111010111011
1111110101101011111010 (base 2) to base 15
57038d
Convert -44461 (base 13) to base 7.
-1023616
Convert -4200500 (base 7) to base 13.
-1487c3
Convert d6291 (base 14) to base 15.
a3011
4025a2 (base 12) to base 11
623041
-20220121200 (base 3) to base 7
-1104426
102221 (base 6) to base 15
26cd
What is 1001011111010011011100 (base 2) in base 13?
691305
Convert -222104 (base 9) to base 13.
-48577
7054576 (base 8) to base 16
1c597e
What is -101001011001110001001 (base 2) in base 6?
-45024533
What is 10130223 (base 4) in base 2?
100011100101011
What is 302301030011 (base 4) in base 14?
1aa615b
Convert -51d623 (base 14) to base 7.
-32332343
Convert 1805944 (base 12) to base 7.
60246163
What is 11140040 (base 5) in base 10?
99395
-404241 (base 6) to base 11
-22100
-664446 (base 7) to base 12
-57756
2112210020211 (base 3) to base 15
1bb277
8a18a0 (base 11) to base 6
50445455
-1a8a520 (base 11) to base 6
-203144304
What is 5402550 (base 6) in base 7?
2152446
-2030211301 (base 4) to base 11
-363717
105108 (base 9) to base 7
351020
What is 31720251 (base 8) in base 7?
111503550
What is -35652 (base 10) in base 5?
-2120102
-1012112101112 (base 3) to base 13
-195605
Convert 1342115 (base 8) to base 16.
5c44d
What is -1002010122221 (base 3) in base 7?
-4605643
Convert -2219a44 (base 13) to base 6.
-1011522232
What is 544617 (base 13) in base 9?
3647700
Convert 4142453 (base 6) to base 10.
200193
What is -4b1231 (base 14) in base 7?
-30622161
1002222113 (base 4) to base 15
55d82
-532522 (base 10) to base 4
-2002000222
-9c02c (base 15) to base 13
-144ab9
1082755 (base 9) to base 4
2033010110
What is -2ddaf6 (base 16) in base 13?
-812b13
What is -5355563 (base 9) in base 15?
-3bab29
Convert -